{"id":74,"date":"2015-09-18T11:51:24","date_gmt":"2015-09-18T10:51:24","guid":{"rendered":"http:\/\/cargo.omnicom-dev.com\/transport-company\/?page_id=74"},"modified":"2021-12-10T03:04:42","modified_gmt":"2021-12-10T03:04:42","slug":"aereo","status":"publish","type":"page","link":"https:\/\/coings.com.co\/home\/services\/aereo\/","title":{"rendered":"Transporte A\u00e9reo"},"content":{"rendered":"<div class=\"bt_rc_container\"><section id=\"bt_section69d1b99332380\" data-parallax=\"0.1\" data-parallax-offset=\"-50\" class=\"boldSection topExtraSpaced bottomSpaced btDarkSkin gutter btMiddleVertical btParallax wBackground cover\" style=\"background-image:url('https:\/\/coings.com.co\/home\/wp-content\/uploads\/2015\/09\/Dark_Plane.jpg');\"><div class=\"port\"><div class=\"boldCell\"><div class=\"boldCellInner\"><div class=\"boldRow \" ><div class=\"rowItem col-md-12 col-ms-12  btTextLeft animate animate-fadein animate-moveleft inherit\"  ><div class=\"rowItemContent\"><header class=\"header btClear extralarge btDash bottomDash  btAccentDash btRegularTitle\" style=\"max-width: 800px;\"><p class=\"btSuperTitle\">Disponibles para su<\/p><div class=\"dash\"><h1><span class=\"headline\">TRANSPORTE AEREO<\/span><\/h1><\/div><p class=\"btSubTitle\">Nuestros especialistas est\u00e1n disponibles<\/p><\/header><div class=\"btClear btSeparator bottomSemiSpaced noBorder\" ><hr><\/div><div class=\"btBtn btBtn btnFilled btnIconLeftPosition btnAccentColor btnSmall btnNormal btnIco\" ><div class=\"btIco borderless extrasmall\"><a href=\"#\"  data-ico-fa=\"&#xf0e5;\" class=\"btIcoHolder\"><span>Contacto<\/span><\/a><\/div><\/div><div class=\"btBtn btBtn btnFilled btnIconLeftPosition btnNormalColor btnSmall btnNormal btnIco\" ><div class=\"btIco borderless extrasmall\"><a href=\"#\"  data-ico-cs=\"&#xe61d;\" class=\"btIcoHolder\"><span>Servicios<\/span><\/a><\/div><\/div><\/div><\/div><\/div><\/div><\/div><\/div><\/section><section id=\"bt_section69d1b99332dd9\"  class=\"boldSection topSpaced bottomSemiSpaced gutter inherit\" ><div class=\"port\"><div class=\"boldCell\"><div class=\"boldCellInner\"><div class=\"boldRow \" ><div class=\"rowItem col-md-9 col-ms-12  btTextLeft\"  ><div class=\"rowItemContent\"><header class=\"header btClear medium  btAccentDash btRegularTitle\" ><p class=\"btSuperTitle\">TRANSPORTE AEREO<\/p><div class=\"dash\"><h3><span class=\"headline\">CON COBERTURA INTERNACIONAL<\/span><\/h3><\/div><\/header><div class=\"btClear btSeparator topSmallSpaced noBorder\" ><hr><\/div><div class=\"btText\"><p>Nuestra empresa se encarga de la Coordinaci\u00f3n de transporte a\u00e9reo internacional de carga, dise\u00f1ado y soportado por talento humano altamente calificado, al servicio de operaciones \u00e1giles y oportunas.<\/p>\n<\/div><div class=\"btClear btSeparator topSmallSpaced noBorder\" ><hr><\/div><div class=\"btText\"><blockquote><p>Importaci\u00f3n y exportaci\u00f3n de carga a\u00e9rea.<\/p><\/blockquote>\n<blockquote><p>Log\u00edstica de carga Mercanc\u00edas Peligrosas, perecederos y carga seca en general.<\/p><\/blockquote>\n<blockquote><p>Planeaci\u00f3n y ejecuci\u00f3n de proyectos especiales, cargas dimensionadas adicionales y ch\u00e1rter de aviones.<\/p><\/blockquote>\n<blockquote><p>Coordinaci\u00f3n de Operaciones A\u00e9reas especiales, requerimientos Log\u00edsticos Especiales Como cabotajes, manejo de Operaciones DAP, DAT o DDP, tanto en Colombia como en otros pa\u00edses.<\/p><\/blockquote>\n<\/div><div class=\"btText\"><\/div><div class=\"btClear btSeparator topSmallSpaced noBorder\" ><hr><\/div><div class=\"slided smallSliderHeight btSliderHideArrows\"  data-slick='{\"autoplay\":true,\"autoplaySpeed\":3000,\"pauseOnHover\":false,\"pauseOnDotsHover\":true}'><div class=\"slidedItem firstItem\"  data-thumb=\"https:\/\/coings.com.co\/home\/wp-content\/uploads\/2015\/09\/shutterstock_177975590-320x213.jpg\"><div class=\"btSliderPort wBackground cover\" style=\"background-image: url('https:\/\/coings.com.co\/home\/wp-content\/uploads\/2015\/09\/shutterstock_177975590.jpg')\"><div class=\"btSliderCell\" data-slick=\"yes\"><div class=\"btSlideGutter\"><div class=\"btSlidePane\"><\/div><\/div><\/div><\/div><\/div><div class=\"slidedItem firstItem\"  data-thumb=\"https:\/\/coings.com.co\/home\/wp-content\/uploads\/2015\/09\/shutterstock_230851453-320x213.jpg\"><div class=\"btSliderPort wBackground cover\" style=\"background-image: url('https:\/\/coings.com.co\/home\/wp-content\/uploads\/2015\/09\/shutterstock_230851453.jpg')\"><div class=\"btSliderCell\" data-slick=\"yes\"><div class=\"btSlideGutter\"><div class=\"btSlidePane\"><\/div><\/div><\/div><\/div><\/div><div class=\"slidedItem firstItem\"  data-thumb=\"https:\/\/coings.com.co\/home\/wp-content\/uploads\/2015\/09\/shutterstock_150647810-320x213.jpg\"><div class=\"btSliderPort wBackground cover\" style=\"background-image: url('https:\/\/coings.com.co\/home\/wp-content\/uploads\/2015\/09\/shutterstock_150647810.jpg')\"><div class=\"btSliderCell\" data-slick=\"yes\"><div class=\"btSlideGutter\"><div class=\"btSlidePane\"><\/div><\/div><\/div><\/div><\/div><\/div><div class=\"btClear btSeparator topSemiSpaced noBorder\" ><hr><\/div><\/div><\/div><div class=\"rowItem col-md-3 col-sm-6 col-ms-12 btTextLeft inherit btDoublePadding\"  ><div class=\"rowItemContent\"><header class=\"header btClear small  btAccentDash btRegularTitle\" ><p class=\"btSuperTitle\">TODOS NUESTROS<\/p><div class=\"dash\"><h4><span class=\"headline\">SERVICIOS<\/span><\/h4><\/div><\/header><div class=\"btCustomMenu \" ><div class=\"menu-servicios-container\"><ul id=\"menu-servicios\" class=\"menu\"><li id=\"menu-item-1150\" class=\"menu-item menu-item-type-post_type menu-item-object-page menu-item-1150\"><a title=\"\t\t\t\t\t\t\" href=\"https:\/\/coings.com.co\/home\/services\/aereo\/\">Transporte A\u00e9reo<\/a><\/li><li id=\"menu-item-1149\" class=\"menu-item menu-item-type-post_type menu-item-object-page menu-item-1149\"><a title=\"\t\t\t\t\t\t\" href=\"https:\/\/coings.com.co\/home\/services\/maritimo\/\">Transporte Mar\u00edtimo<\/a><\/li><li id=\"menu-item-1151\" class=\"menu-item menu-item-type-post_type menu-item-object-page menu-item-1151\"><a title=\"\t\t\t\t\t\t\" href=\"https:\/\/coings.com.co\/home\/services\/transporte_terrestre\/\">Transporte Terrestre<\/a><\/li><li id=\"menu-item-2337\" class=\"menu-item menu-item-type-post_type menu-item-object-page menu-item-2337\"><a href=\"https:\/\/coings.com.co\/home\/services\/transporte-multimodal\/\">Transporte Multimodal (OTM)<\/a><\/li>\n<\/ul><\/div><\/div><div class=\"btClear btSeparator topSemiSpaced noBorder\" ><hr><\/div><header class=\"header btClear small  btAccentDash btRegularTitle\" ><p class=\"btSuperTitle\">ARCHIVOS<\/p><div class=\"dash\"><h4><span class=\"headline\">DESCARGABLES<\/span><\/h4><\/div><\/header><div class=\"btBtn btBtn btnOutline btnIconLeftPosition btnLightColor btnSmall btnFull btnIco\" ><div class=\"btIco borderless extrasmall\"><a href=\"#\"  target=\"_blank\"  data-ico-fa=\"&#xf1c1;\" class=\"btIcoHolder\"><span>Nuestro Portafolio<\/span><\/a><\/div><\/div><div class=\"btClear btSeparator topExtraSmallSpaced noBorder\" ><hr><\/div><div class=\"btBtn btBtn btnOutline btnIconLeftPosition btnLightColor btnSmall btnFull btnIco\" ><div class=\"btIco borderless extrasmall\"><a href=\"#\"  target=\"_blank\"  data-ico-fa=\"&#xf1ec;\" class=\"btIcoHolder\"><span>Otros Servicios<\/span><\/a><\/div><\/div><div class=\"btClear btSeparator topSpaced noBorder\" ><hr><\/div><header class=\"header btClear small  btAccentDash btRegularTitle\" ><div class=\"dash\"><h4><span class=\"headline\">CONTACTENOS<\/span><\/h4><\/div><\/header><div class=\"btIconImageRow\" ><div class=\"btIco borderless extrasmall\"><span  data-ico-fa=\"&#xf098;\" class=\"btIcoHolder\"><span>Tel\u00e9fono: +(57) 313 282 7963<\/span><\/span><\/div><\/div><div class=\"btIconImageRow\" ><div class=\"btIco borderless extrasmall\"><span  data-ico-fa=\"&#xf0e0;\" class=\"btIcoHolder\"><span>Mail: coingscolombia@gmail.com<\/span><\/span><\/div><\/div><div class=\"btClear btSeparator topSmallSpaced noBorder\" ><hr><\/div><\/div><\/div><\/div><div class=\"boldRow \" ><div class=\"rowItem col-md-12 col-ms-12  btTextLeft\"  ><div class=\"rowItemContent\"><\/div><\/div><\/div><\/div><\/div><\/div><\/section><section id=\"bt_section69d1b993435b2\"  class=\"boldSection bottomSpaced gutter inherit\" ><div class=\"port\"><div class=\"boldCell\"><div class=\"boldCellInner\"><div class=\"boldRow \" ><div class=\"rowItem col-md-3 col-sm-6 col-ms-12 btTextLeft animate animate-fadein btHighlight inherit\"  ><div class=\"rowItemContent\"><div class=\"btClear btSeparator topSemiSpaced noBorder\" ><hr><\/div><div class=\"servicesItem  mediumIcon borderlessIconType \"><div class=\"sIcon\"><div class=\"btIco medium borderless\"><span  data-ico-cs=\"&#xe636;\" class=\"btIcoHolder\"><\/span><\/div><\/div><div class=\"sTxt\"><header class=\"header btClear extrasmall\" ><div class=\"dash\"><h4><span class=\"headline\">NUESTRA EXPERIENCIA<\/span><\/h4><\/div><\/header><p>El tiempo nos da la raz\u00f3n en el desarrollo de nuestros procesos log\u00edsticos.<br><\/p><\/div><\/div><div class=\"btClear btSeparator topSemiSpaced noBorder\" ><hr><\/div><\/div><\/div><div class=\"rowItem col-md-3 col-sm-6 col-ms-12 btTextLeft animate animate-fadein btHighlight inherit\"  ><div class=\"rowItemContent\"><div class=\"btClear btSeparator topSemiSpaced noBorder\" ><hr><\/div><div class=\"servicesItem  mediumIcon borderlessIconType \"><div class=\"sIcon\"><div class=\"btIco medium borderless\"><span  data-ico-s7=\"&#xe622;\" class=\"btIcoHolder\"><\/span><\/div><\/div><div class=\"sTxt\"><header class=\"header btClear extrasmall\" ><div class=\"dash\"><h4><span class=\"headline\">CALIDAD<\/span><\/h4><\/div><\/header><p>Contamos con procesos de alta calidad en nuestra log\u00edstica en el dia a dia.<br><\/p><\/div><\/div><div class=\"btClear btSeparator topSemiSpaced noBorder\" ><hr><\/div><\/div><\/div><div class=\"rowItem col-md-3 col-sm-6 col-ms-12 btTextLeft animate animate-fadein btHighlight inherit\"  ><div class=\"rowItemContent\"><div class=\"btClear btSeparator topSemiSpaced noBorder\" ><hr><\/div><div class=\"servicesItem  mediumIcon borderlessIconType \"><div class=\"sIcon\"><div class=\"btIco medium borderless\"><span  data-ico-cs=\"&#xe61c;\" class=\"btIcoHolder\"><\/span><\/div><\/div><div class=\"sTxt\"><header class=\"header btClear extrasmall\" ><div class=\"dash\"><h4><span class=\"headline\">PERSONAL CALIFICADO<\/span><\/h4><\/div><\/header><p>Nuestra empresa cuenta con un personal comprometido y calificado en cada procesos.<br><\/p><\/div><\/div><div class=\"btClear btSeparator topSemiSpaced noBorder\" ><hr><\/div><\/div><\/div><div class=\"rowItem col-md-3 col-sm-6 col-ms-12 btTextLeft animate animate-fadein inherit btDoublePadding\"  ><div class=\"rowItemContent\"><div class=\"btClear btSeparator topSemiSpaced noBorder\" ><hr><\/div><header class=\"header btClear small  btAccentDash btRegularTitle\" ><p class=\"btSuperTitle\">NUESTROS SERVICIOS<\/p><div class=\"dash\"><h4><span class=\"headline\">VER LOS DETALLLES<\/span><\/h4><\/div><\/header><\/div><\/div><\/div><\/div><\/div><\/div><\/section><section id=\"bt_section69d1b99344690\"  class=\"boldSection btDarkSkin gutter inherit\" style=\"background-color:#0b61aa;\"><div class=\"port\"><div class=\"boldCell\"><div class=\"boldCellInner\"><div class=\"boldRow \" ><div class=\"rowItem col-md-12 col-ms-12  btTextLeft\"  ><div class=\"rowItemContent\"><div class=\"btClear btSeparator topSmallSpaced bottomSmallSpaced noBorder\" ><hr><\/div><\/div><\/div><\/div><div class=\"boldRow \" ><div class=\"rowItem col-md-9 col-ms-12  btTextLeft animate animate-fadein animate-moveright btMiddleVertical\"  ><div class=\"rowItemContent\"><header class=\"header btClear medium  btAccentDash btRegularTitle\" ><p class=\"btSuperTitle\">\u00bfNo est\u00e1s seguro de cu\u00e1nto te costar\u00eda?<\/p><div class=\"dash\"><h3><span class=\"headline\">\u00a1UTILICE NUESTRA CALCULADORA PARA AVERIGUARLO!<\/span><\/h3><\/div><\/header><\/div><\/div><div class=\"rowItem col-md-3 col-sm-6 col-ms-12 btTextRight animate animate-fadein animate-moveleft btMiddleVertical\"  ><div class=\"rowItemContent\"><div class=\"btBtn btBtn btnOutline btnIconLeftPosition btnLightColor btnBig btnNormal btnIco\" ><div class=\"btIco borderless extrasmall\"><a href=\"https:\/\/coings.com.co\/home\/nosotros\/contactenos\/\"  data-ico-fa=\"&#xf1ec;\" class=\"btIcoHolder\"><span>Cotizaci\u00f3n<\/span><\/a><\/div><\/div><\/div><\/div><\/div><div class=\"boldRow \" ><div class=\"rowItem col-md-12 col-ms-12  btTextLeft\"  ><div class=\"rowItemContent\"><div class=\"btClear btSeparator topSmallSpaced bottomSmallSpaced noBorder\" ><hr><\/div><\/div><\/div><\/div><\/div><\/div><\/div><\/section><\/div>","protected":false},"excerpt":{"rendered":"Disponibles para suTRANSPORTE AEREONuestros especialistas est\u00e1n disponiblesContactoServiciosTRANSPORTE AEREOCON COBERTURA INTERNACIONALNuestra empresa se encarga de la Coordinaci\u00f3n de transporte a\u00e9reo internacional de carga, dise\u00f1ado y soportado por talento humano altamente calificado, al servicio de operaciones \u00e1giles y oportunas. Importaci\u00f3n y exportaci\u00f3n de carga a\u00e9rea. Log\u00edstica de carga Mercanc\u00edas Peligrosas, perecederos y carga seca en general. Planeaci\u00f3n [...]","protected":false},"author":2,"featured_media":0,"parent":56,"menu_order":0,"comment_status":"closed","ping_status":"closed","template":"","meta":[],"_links":{"self":[{"href":"https:\/\/coings.com.co\/home\/wp-json\/wp\/v2\/pages\/74"}],"collection":[{"href":"https:\/\/coings.com.co\/home\/wp-json\/wp\/v2\/pages"}],"about":[{"href":"https:\/\/coings.com.co\/home\/wp-json\/wp\/v2\/types\/page"}],"author":[{"embeddable":true,"href":"https:\/\/coings.com.co\/home\/wp-json\/wp\/v2\/users\/2"}],"replies":[{"embeddable":true,"href":"https:\/\/coings.com.co\/home\/wp-json\/wp\/v2\/comments?post=74"}],"version-history":[{"count":25,"href":"https:\/\/coings.com.co\/home\/wp-json\/wp\/v2\/pages\/74\/revisions"}],"predecessor-version":[{"id":2327,"href":"https:\/\/coings.com.co\/home\/wp-json\/wp\/v2\/pages\/74\/revisions\/2327"}],"up":[{"embeddable":true,"href":"https:\/\/coings.com.co\/home\/wp-json\/wp\/v2\/pages\/56"}],"wp:attachment":[{"href":"https:\/\/coings.com.co\/home\/wp-json\/wp\/v2\/media?parent=74"}],"curies":[{"name":"wp","href":"https:\/\/api.w.org\/{rel}","templated":true}]}}